 -2*d + 48. Let n = 485 - 265. What is the greatest common divisor of n and d?
20
Suppose -w - 8 = -2*w. Let m(f) = -f - 2. Let q be m(4). Let p be (84/(-5))/(q/20). What is the highest common divisor of p and w?
8
Let h be (-6)/9*-42*7. Let q be (7 - 5) + h/1. Calculate the greatest common factor of q and 18.
18
Suppose 3*c - 25 = -2*c. Calculate the greatest common factor of 15 and c.
5
Let p = -14 + 9. Let l = p - -8. Let k = 17 + -16. Calculate the greatest common divisor of l and k.
1
Let r(u) = -2*u**2 + 17*u + 3. Let b be r(7). Calculate the greatest common factor of b and 60.
12
Let c be ((2 - 1)*43 - -1)/1. Let x = 1 + 2. Suppose u + x = 14. What is the greatest common divisor of u and c?
11
Let z(t) = -t + 24. Suppose -31 = -2*d + 5. Let g be z(d). Calculate the highest common factor of 66 and g.
6
Suppose 2*k = -4*j + 13 + 3, -5*j = 5*k - 30. Suppose 0*f = 3*w - 2*f - 55, k*f + 68 = 4*w. What is the highest common factor of 3 and w?
3
Let p = 3 + -9. Let x be 284/6 + (-4)/p. Let g = -25 - -37. What is the greatest common divisor of g and x?
12
Suppose 2*f - 72 = -2*f - 3*c, 3*c + 18 = f. Calculate the greatest common factor of 12 and f.
6
Let l(w) = w - 1. Let q be l(1). Suppose -3*x + 5 + 10 = 0. Suppose q*p = -p + 3*m + 67, -x*m = 20. Calculate the greatest common factor of p and 5.
5
Let q = 45 - 5. What is the greatest common factor of q and 16?
8
Let v = -4 - -13. Calculate the greatest common divisor of v and 9.
9
Let x(v) = v - 9. Let n be x(9). Suppose -2*c + 2*z = -50, n*z - z = 4. Let k = c - 12. Calculate the greatest common factor of 36 and k.
9
Let r be 2/6*(31 + -10). Let i = 16 + 40. Calculate the highest common factor of i and r.
7
Let d be (-57)/21 + 2/(-7). Let j be d*3/(-6)*10. Calculate the highest common divisor of j and 5.
5
Suppose 0 = -5*o + 2*o + 21. Let g be (-440)/(-28) - (-2)/o. Let h = -25 - -49. Calculate the highest common divisor of g and h.
8
Suppose 0 = -2*l + 2 - 0. Suppose -2*s = o - 3*s - 81, s + l = 0. Calculate the highest common divisor of o and 16.
16
Let b = -89 + 135. Let l = b + -16. Suppose -6*u + 375 = -u. What is the highest common divisor of l and u?
15
Let r(z) = 15*z + 1. Let f be r(1). Suppose 2*o - 12 - f = 0. What is the greatest common factor of 42 and o?
14
Suppose z + 3*z = 300. Let b be ((-12)/(-24))/((-1)/(-162)). Let x = b + -51. What is the greatest common divisor of z and x?
15
Suppose -4*l = 4, 3*z = 2*l + 2*l + 43. What is the greatest common divisor of z and 13?
13
Let q = -46 - -76. Suppose 5*v - 30 = q. Suppose k = d - 49, k + 193 = -0*d + 4*d. What is the greatest common divisor of v and d?
12
Let t be 5/(-20) + 70/(-8). Let g be t/(((-27)/(-78))/(-3)). Suppose -50 = -5*l - 3*u, -l + 19 = -3*u - 9. What is the greatest common divisor of l and g?
13
Let i = 52 + 28. What is the highest common divisor of i and 16?
16
Let z(s) = 9*s - 14. Let f be z(6). Suppose a = 3*u - 0*u - 26, -6 = -u - a. Calculate the greatest common factor of f and u.
8
Let x(y) = y**3 - 4*y**2 - 13*y + 9. Let j be x(7). What is the highest common divisor of 13 and j?
13
Let j = 68 + -50. Calculate the highest common factor of 27 and j.
9
Let i = -103 + 180. Let o be 99/6*4/6. What is the highest common divisor of i and o?
11
Let n be 6/(-18) + (-10)/6. Let h = -1 - n. Let y = h + 5. Calculate the highest common divisor of 66 and y.
6
Let y(u) = -u**2 + 7*u - 2. Let c be y(5). Suppose -166 - 50 = -3*i. Calculate the highest common factor of c and i.
8
Let g = 16 + 5. What is the greatest common divisor of g and 14?
7
Let d = -772 - -1146. Calculate the highest common divisor of d and 34.
34
Let t be 1/7 + (440/14)/4. What is the greatest common divisor of 48 and t?
8
Suppose 136 = 4*i + 40. Let f be 5 - 46/8 - (-70)/8. Calculate the greatest common factor of f and i.
8
Let i be 1/2 + 105/10. Let q(x) = x**3 - 4*x**2 - 6*x + 2. Let h be q(5). Let u be 8/(h/(i*-6)). Calculate the greatest common divisor of u and 16.
16
Let p be 2*(18/4 + -2). Suppose -i - 46 = p*m - 147, 0 = -5*m + 20. Let o(d) = -d + 5. Let t be o(-4). What is the highest common factor of t and i?
9
Let k be (60/(-18))/10*(0 - 21). Let t(x) = -4*x**3 - 3*x**2 - 4. Let j be t(-3). What is the greatest common factor of k and j?
7
Suppose -2 = -4*q + 38. Suppose -4*f = -6*f - 14. Let b = f + q. What is the highest common factor of 6 and b?
3
Suppose 4*i + 53 = 7*j - 4*j, 0 = 2*j - 3*i - 36. Calculate the greatest common divisor of j and 6.
3
Let a(s) = -4*s + 10. Let p be a(-5). What is the greatest common divisor of 10 and p?
10
Let r(t) = -t**2 + 9*t + 10. Let l be r(7). What is the highest common factor of l and 60?
12
Let m be 1352/72 - (-4)/18. Calculate the highest common divisor of 19 and m.
19
Let j be (-946)/(-77) + (-2)/7. Let q = -73 + 103. Calculate the highest common factor of q and j.
6
Let b(y) be the second derivative of -1/6*y**3 + 0 - 4*y**2 - 3*y. Let x be b(-11). Calculate the highest common factor of 6 and x.
3
Suppose -2*c = -60 - 182. Let r(l) = l**3 + 8*l**2 + 5*l - 3. Let j be r(-7). Calculate the highest common factor of j and c.
11
Suppose -2 = -z, 4*z + z = -2*b + 16. Calculate the highest common factor of b and 15.
3
Let u(b) = -b**3 + 2*b**2 + 4*b + 1. Let f be u(3). Suppose f*r - 44 = 2*r. What is the highest common factor of 22 and r?
22
Suppose -1 = -3*v + 29. Let z be ((-406)/(-21))/((-1)/(-9)). Suppose 3*y + 208 = 2*u, 2*u - 5*y - z = 26. What is the highest common factor of v and u?
10
Let o be 3 + -6 + (-42)/(-6). Suppose 22 = 2*h - 4*t, -3 - 1 = -4*h - 2*t. Let z = o - h. What is the greatest common divisor of z and 4?
1
Let l(v) = 2*v + 3. Suppose 0 = -4*t + 14 + 6. Let z be l(t). Calculate the highest common factor of z and 13.
13
Let c = 39 - 17. Calculate the greatest common divisor of 176 and c.
22
Suppose 7*t - 3*t - 36 = 0. Suppose -t*q + 13 = -8*q. What is the highest common factor of 39 and q?
13
Suppose -3*q = q - 92. What is the greatest common divisor of 92 and q?
23
Let r(q) = -q - 3. Let s be r(-4). Let h be (s - 3) + (92 - 2). What is the greatest common divisor of 11 and h?
11
Let z = -25 + 34. What is the highest common factor of 9 and z?
9
Suppose -39 = -4*b + 5*x, -b + x + 10 + 1 = 0. Calculate the highest common factor of 128 and b.
16
Let y(f) = 2*f + 49. Let g be y(-19). What is the highest common factor of 176 and g?
11
Suppose 2*y + 2*k = -28, 5*y - 7*k + 40 = -2*k. Suppose -t + 18 + 5 = 0. Let v = y + t. What is the highest common divisor of v and 3?
3
Let a(g) = -7*g**2 + g. Let p be a(1). Let k(d) = d**2 + 3*d + 1. Let l be k(p). Suppose -2*z + l = -47. Calculate the highest common divisor of 3 and z.
3
Suppose 2*a - 30 = 10. Calculate the greatest common factor of 80 and a.
20
Suppose -2*o = o - 3. Suppose -3*c + 4 = 2*m + 3, -3*c = 15. What is the highest common divisor of o and m?
1
Let p be 46 - (-4)/6*-3. Let k = -263 + 373. What is the highest common divisor of k and p?
22
Suppose -2*q + 13 - 3 = 0. Let h(r) = -r**3 + 5*r**2 + 2*r - 5. Let g be h(q). Let u = -129 - -134. Calculate the highest common divisor of u and g.
5
Let b(y) = -y + 48. Let m(z) = -z + 9. Let c be m(9). Let o be b(c). What is the greatest common divisor of o and 24?
24
Suppose 3*t = -5*j + 17, -4 = -j + 3*t + 3. Let p = j - -2. Suppose -3*c = -c - 36. What is the highest common factor of c and p?
6
Let n(x) = 0 + 0 + x + 0. Let u be n(1). What is the greatest common factor of u and 8?
1
Suppose 5*j = 2*j. Suppose j = 2*s - s - 2. Suppose -s = -5*h + 43. Calculate the greatest common divisor of 90 and h.
9
Let h(v) = v**3 - 15*v**2 - 16*v + 4. Let b be h(16). Let p(l) = 3*l**2 + 3*l - 4. Let g be p(-4). What is the highest common divisor of b and g?
4
Let z be (-4)/50*-5*30. Let p = 27 + z. Calculate the greatest common factor of 26 and p.
13
Suppose -2*o = 11 - 5. Let f be 2/(-4)*(o - 9). What is the greatest common divisor of f and 48?
6
Suppose 2*s - 20 = -2*s. Suppose s*l - 16 = 4*l. Calculate the greatest common factor of l and 128.
16
Let v be ((-90)/4)/(33/(-44)). Let h = -18 + v. What is the greatest common factor of h and 48?
12
Suppose -4*a - 3*z + 12 = z, -8 = -2*a - 4*z. Suppose a*w - 4 = 172. What is the greatest common factor of w and 22?
22
Let l be 1/(0 - 1) - -2. Calculate